hat is the remainder when 7345912 is divided by 120?
112
Calculate the remainder when 189818053 is divided by 1069.
1068
What is the remainder when 277178 is divided by 469?
468
What is the remainder when 1228828 is divided by 7588?
7160
What is the remainder when 155126 is divided by 2147?
542
What is the remainder when 269475 is divided by 2750?
2725
Calculate the remainder when 12572937 is divided by 385.
377
What is the remainder when 683413 is divided by 341441?
531
Calculate the remainder when 26972 is divided by 3762.
638
What is the remainder when 78442493 is divided by 1448?
1437
Calculate the remainder when 8337206 is divided by 3219.
3215
Calculate the remainder when 52513002 is divided by 809.
3
Calculate the remainder when 1577225 is divided by 4333.
13
What is the remainder when 7758368 is divided by 337320?
8
Calculate the remainder when 1789887 is divided by 20571.
210
What is the remainder when 15504249 is divided by 516808?
9
Calculate the remainder when 177137 is divided by 25301.
30
What is the remainder when 2552158 is divided by 1636?
1634
Calculate the remainder when 150176 is divided by 18766.
48
Calculate the remainder when 26161870 is divided by 528.
526
Calculate the remainder when 29736602 is divided by 91.
77
Calculate the remainder when 259253720 is divided by 1465.
1460
Calculate the remainder when 27846720 is divided by 421920.
0
Calculate the remainder when 25695 is divided by 10899.
3897
Calculate the remainder when 4317129 is divided by 25697.
33
Calculate the remainder when 11394 is divided by 693.
306
Calculate the remainder when 4809204 is divided by 369936.
36
Calculate the remainder when 43970 is divided by 2663.
1362
Calculate the remainder when 312613 is divided by 193.
146
What is the remainder when 108481 is divided by 9829?
362
What is the remainder when 6692658 is divided by 1115437?
36
What is the remainder when 233096 is divided by 2508?
2360
Calculate the remainder when 4604946 is divided by 461.
17
Calculate the remainder when 41711 is divided by 3910.
2611
What is the remainder when 174793 is divided by 887?
54
Calculate the remainder when 379802133 is divided by 189901062.
9
What is the remainder when 6367729 is divided by 1645?
1579
What is the remainder when 112581 is divided by 1462?
7
Calculate the remainder when 13605827 is divided by 4535257.
56
What is the remainder when 299057 is divided by 236?
45
What is the remainder when 272028 is divided by 728?
484
What is the remainder when 803973 is divided by 200993?
1
Calculate the remainder when 4438158 is divided by 739693.
0
What is the remainder when 11444588 is divided by 3502?
52
Calculate the remainder when 1539514 is divided by 12218.
46
Calculate the remainder when 41949271 is divided by 91.
0
What is the remainder when 4555986 is divided by 1096?
1010
What is the remainder when 6728212 is divided by 107?
52
Calculate the remainder when 2436 is divided by 585.
96
Calculate the remainder when 3454894 is divided by 104.
14
What is the remainder when 3847926 is divided by 109?
8
Calculate the remainder when 553111 is divided by 3614.
169
Calculate the remainder when 850649 is divided by 179.
41
What is the remainder when 376965 is divided by 335?
90
What is the remainder when 808095 is divided by 808092?
3
What is the remainder when 1851374 is divided by 11031?
9197
What is the remainder when 3254462 is divided by 64?
62
Calculate the remainder when 1860118 is divided by 310.
118
What is the remainder when 23348 is divided by 23255?
93
What is the remainder when 92379 is divided by 212?
159
What is the remainder when 70217359 is divided by 27?
25
Calculate the remainder when 15716916 is divided by 1138.
1136
What is the remainder when 13817220 is divided by 182?
144
Calculate the remainder when 76726 is divided by 5256.
3142
What is the remainder when 36083 is divided by 16687?
2709
Calculate the remainder when 10459855 is divided by 5229927.
1
Calculate the remainder when 20838707 is divided by 486.
485
What is the remainder when 3559066 is divided by 4232?
4186
Calculate the remainder when 226540571 is divided by 3324.
3323
Calculate the remainder when 2334749 is divided by 259371.
410
Calculate the remainder when 39856 is divided by 19922.
12
What is the remainder when 128616 is divided by 335?
311
What is the remainder when 187086 is divided by 321?
264
What is the remainder when 120457 is divided by 4009?
187
What is the remainder when 114032 is divided by 17285?
10322
What is the remainder when 27359443 is divided by 2073?
2062
What is the remainder when 790395 is divided by 82?
79
Calculate the remainder when 936319 is divided by 93480.
1519
What is the remainder when 76241 is divided by 1337?
32
What is the remainder when 281890 is divided by 70454?
74
Calculate the remainder when 482749903 is divided by 728.
727
What is the remainder when 8275316 is divided by 799?
73
What is the remainder when 6506 is divided by 466?
448
What is the remainder when 1638975 is divided by 3658?
191
What is the remainder when 227390 is divided by 928?
30
Calculate the remainder when 8221083 is divided by 2013.
2004
What is the remainder when 79139 is divided by 15801?
134
Calculate the remainder when 173504172 is divided by 1371.
9
What is the remainder when 128485 is divided by 15722?
2709
Calculate the remainder when 14040199 is divided by 81.
64
Calculate the remainder when 95968704 is divided by 430.
14
Calculate the remainder when 13590481 is divided by 1132534.
73
What is the remainder when 600489 is divided by 76?
13
Calculate the remainder when 12795316 is divided by 177.
163
Calculate the remainder when 36196813 is divided by 856.
853
What is the remainder when 14655529 is divided by 3663729?
613
What is the remainder when 289140 is divided by 72245?
160
Calculate the remainder when 3166523 is divided by 15.
8
What is the remainder when 58808477 is divided by 199?
196
What is the remainder when 77327 is divided by 703?
700
What is the remainder when 13641903 is divided by 4109?
23
What is the remainder when 4461330 is divided by 943?
940
Calculate the remainder when 325624 is divided by 108537.
13
Calculate the remainder when 173304 is divided by 1294.
1202
What is the remainder when 694540 is divided by 86810?
60
What is the remainder when 39203 is divided by 5622?
5471
What is the remainder when 1157248 is divided by 192808?
400
What is the remainder when 55166543 is divided by 179?
175
What is the remainder when 234438509 is divided by 6116?
6113
Calculate the remainder when 1061273 is divided by 66329.
9
Calculate the remainder when 11972 is divided by 770.
422
What is the remainder when 1631450 is divided by 418?
414
What is the remainder when 2291852548 is divided by 39?
37
Calculate the remainder when 198678 is divided by 329.
291
Calculate the remainder when 370416 is divided by 61725.
66
Calculate the remainder when 634 is divided by 2.
0
Calculate the remainder when 593802780 is divided by 74.
66
Calculate the remainder when 402427396 is divided by 341.
338
What is the remainder when 130628 is divided by 25987?
693
What is the remainder when 419800 is divided by 366?
364
What is the remainder when 4343218 is divided by 401?
388
What is the remainder when 4871191 is divided by 69?
67
Calculate the remainder when 8761101 is divided by 13.
11
Calculate the remainder when 26832015 is divided by 596267.
0
Calculate the remainder when 2463301 is divided by 2463213.
88
Calculate the remainder when 34013830 is divided by 144.
22
What is the remainder when 132276 is divided by 1016?
196
What is the remainder when 8842 is divided by 342?
292
Calculate the remainder when 255463530 is divided by 48.
42
What is the remainder when 1367112 is divided by 980?
12
Calculate the remainder when 708682 is divided by 1092.
1066
Calculate the remainder when 5761987 is divided by 1530.
7
What is the remainder when 887097 is divided by 1879?
209
Calculate the remainder when 217222 is divided by 26355.
6382
Calculate the remainder when 170707754 is divided by 67.
62
What is the remainder when 164810 is divided by 85?
80
What is the remainder when 30250924 is divided by 19?
17
Calculate the remainder when 86399 is divided by 28704.
287
Calculate the